*d = -2*l + 36. Let x = c - l. Is x a prime number?
False
Let r(n) = 21*n**2 - 5*n - 3*n**2 - 1 + 4*n. Let h be r(6). Suppose -4*y - 5*c + 523 = 0, -2*c + h = -0*y + 5*y. Is y a prime number?
True
Is (-185)/(0 + -1)*1 prime?
False
Let x = 3 + -3. Let k(n) = -n + 102. Let t be k(x). Let o = -64 + t. Is o a composite number?
True
Let t(d) be the third derivative of -d**4/12 - d**3/3 + d**2. Let r be t(-3). Suppose r*n + n = 2*f + 401, -5*f = 15. Is n a prime number?
True
Let n(k) be the first derivative of -k**4/4 - 7*k**3/3 - k**2 + 5*k - 2. Let a be n(-6). Let j = 44 + a. Is j prime?
False
Is 6/(-14) + (-909)/(-63) a prime number?
False
Let x(g) = 3*g**2 - 4*g + 7. Is x(-12) a prime number?
True
Let c = -327 - -1888. Is c composite?
True
Let b = -22 - -29. Is b a composite number?
False
Let l(c) = 11*c + 4. Let x = 6 + -4. Let m = 7 - x. Is l(m) composite?
False
Let g(a) = -a**2 + 7*a + 7. Let b be g(8). Is -4 + 50 + -2 + b a composite number?
False
Suppose -r - 20 = 4*r + 3*p, -2*r = 3*p + 8. Let c(t) = -t**3 - t**2 - t - 4. Let l be c(r). Suppose -2*f - 4 = -l. Is f prime?
False
Is 2*-1 + (25 - -1710) a prime number?
True
Let h(l) = l**3 + 19*l**2 - 9*l + 5. Is h(-10) a prime number?
False
Suppose f - 6*f + 9 = h, 2 = -f - 4*h. Suppose 24 = 4*p - g, -4*p + f*g = -23 - 1. Suppose 105 = -o + p*o. Is o composite?
True
Let q(j) = 5*j - 15*j + 5 - 5*j**2 + 8*j**2 - 8*j**2 + j**3. Is q(7) prime?
False
Suppose 58 = 2*b - 4*d, 4*d = 2*b + 2*d - 60. Suppose 3*x + 20 = -2*k - b, -4*x + 4 = 0. Let h = k - -64. Is h composite?
False
Suppose 0 = x + 4*x + 20. Let n(r) = -4*r. Let u be n(2). Is (-210)/u - (-1)/x prime?
False
Let l(p) = 3*p**2 + 7*p + 3. Let f be l(-5). Let i = 24 + f. Is i composite?
False
Let t(p) = p**3 - 5*p**2 - 5*p + 7. Let r be (1 + 3)/((-14)/(-63)). Suppose 0 = a - 4*a + r. Is t(a) a composite number?
False
Let f be (-4)/22 - 285/(-55). Suppose 3*m - 206 = -v, 0*m = -f*m - v + 344. Is m a prime number?
False
Suppose 0 = 3*u + 5*o - 187, 3*o - 151 = -3*u + 26. Let j = 113 - u. Is j prime?
True
Let f(c) = -c**2 - 6*c. Let z be f(-6). Let p(b) = -b**3 - b + 113. Is p(z) a prime number?
True
Suppose 0 = 3*j - 2*j - 96. Suppose 0 = -w + 413 - j. Suppose p - 52 = -5*y, -17 + w = 5*p + 5*y. Is p a prime number?
False
Let s(m) = m**2 + m + 33. Suppose 7*n - 12 = 4*n. Let i = 4 - n. Is s(i) a composite number?
True
Let k be (-4)/8 + (-3726)/4. Is 1 + 3*k/(-6) prime?
True
Let p be 2/((-100)/(-36) - 3). Let s = p + 30. Is s a prime number?
False
Let z be 63/(((-2)/(-6))/1). Suppose 4*x - 19 = -v + 34, -z = -5*v - x. Is v composite?
False
Suppose b - 732 = 5. Is b prime?
False
Let r be 3 + 10 - (0 + 1). Suppose r + 225 = 3*j. Is j composite?
False
Let o = -1 - -3. Suppose -w + 7 = 4*c - 11, o*w + 16 = 5*c. Suppose -2*y + 4*h + 216 = 2*y, c*h = -y + 59. Is y a prime number?
False
Suppose -4*i + 7*i = 339. Is i a prime number?
True
Let b be 91*3 - (-1 + 0). Let w = -134 - -293. Let a = b - w. Is a prime?
False
Let a(q) = -23*q - 7. Suppose -8 = -5*z - 33. Let r be a(z). Suppose -r = -5*h - 13. Is h prime?
True
Let a = 235 + -72. Is a a prime number?
True
Is (-139)/5*(3 - 13 - -5) a prime number?
True
Let a = -232 - -388. Let y(m) = m - 91. Let b be y(0). Let u = a + b. Is u a prime number?
False
Suppose -3*g - n + 4*n + 426 = 0, 2*g = -5*n + 277. Suppose 3*i = g + 18. Is i a composite number?
False
Suppose 15 - 763 = -4*f. Is f a prime number?
False
Suppose 4589 - 492 = y. Suppose -5*m = 332 - y. Is m a prime number?
False
Suppose p + 67 = -170. Let t = -150 - p. Is t a composite number?
True
Let k(s) = s. Let p be k(-4). Let r(i) = i + 3. Let y be r(p). Let x(m) = -133*m. Is x(y) prime?
False
Suppose 5*d = 3237 + 2498. Is d a prime number?
False
Suppose -697 - 571 = -2*i. Is i a prime number?
False
Let z be 150/(3 - 0) + 0. Let s = z - 15. Is s composite?
True
Let z(x) = -4*x**3 - 3*x**2 - 7*x - 17. Is z(-5) prime?
True
Suppose 6*w - 2 = 3*g + 2*w, -w + 4 = g. Let d be 2/(-2*1/g). Is ((-11)/(-3))/(d/(-12)) a composite number?
True
Suppose -2*x + f + 3 = -3*x, -2*x + 4*f = 18. Let h = x - -22. Suppose -2*j + 0*j - l = -h, -5*j + l = -32. Is j prime?
True
Suppose -5*h + 4430 = 45. Is h prime?
True
Let o(i) = 7*i**2 + 9*i + 2. Let h be o(8). Suppose -5*y - 37 = -h. Is y a composite number?
False
Suppose -10 = -2*d + 330. Suppose -d = -3*t + 16. Is t prime?
False
Suppose -k + 6063 = 5*g, -5*k = -0*k + 10. Is g composite?
False
Let u(v) = v**3 + 6*v**2 - 6*v + 1. Let d(l) = l - 1. Let c be d(2). Let x(y) = -6*y**2. Let b be x(c). Is u(b) a prime number?
True
Let c = 94 - 214. Let d = -74 - c. Is d composite?
True
Let d(w) = -w**2 - 5*w + 1. Let t be d(-7). Let k(l) = l + 1. Let z be k(0). Let m = z - t. Is m a composite number?
True
Let s(d) = 4*d - 5. Let t(x) = -4 + 5 - x + 1. Let j be t(-4). Is s(j) a composite number?
False
Suppose 4*t + 62 = -4*z - 62, -3*z + 4*t - 86 = 0. Is 318/4*(-40)/z a composite number?
True
Suppose -5*t + 3*o = 4*o - 4587, -4*t - 3*o + 3674 = 0. Is t composite?
True
Suppose t - 5*r = 12, -t - r = -2*t + 4. Suppose -80 - 50 = -t*m. Is m a prime number?
False
Suppose 14*r + 862 = 7008. Is r prime?
True
Let r = 480 + -229. Is r composite?
False
Let s be (-3)/6*2 - 4. Let x(u) be the first derivative of 4*u**3/3 + 3*u**2 - 5*u + 1. Is x(s) a composite number?
True
Let l be ((-1 - -1)/(-2))/2. Let c = l - -3. Let m = c + 0. Is m composite?
False
Let w(r) = -r**3 + 4*r**2 + 7*r + 6. Let u be w(6). Let l be (-2 + (-14)/(-4))*u. Let i = 91 + l. Is i a prime number?
False
Let b(d) = d**3 + 5*d**2 - 6*d + 5. Let l be b(-6). Let x be (-6)/(-15) - 2552/l. Is ((-1)/2)/(5/x) a prime number?
False
Let g be (-1)/(-3) + (-55)/3. Let a = 9 + g. Is (-714)/a - (-2)/(-6) a prime number?
True
Let r be (-2 + 3)/(3/15). Let u(f) = f**2 - 8*f - 1. Let y be u(r). Let b = -7 - y. Is b a composite number?
True
Is 4/(-1 + -3) + 68 composite?
False
Suppose 2*j + 2 = 0, 5*r - 7 = 3*j - j. Let f(z) = 18*z + 1. Is f(r) a composite number?
False
Is 2418/4*(-22)/(-33) a composite number?
True
Suppose -2*n + 137 = 19. Is n prime?
True
Let d(z) = 198*z**2 - 18*z + 11. Is d(-6) prime?
True
Suppose 0 = -3*n + 7*n - 12. Suppose d - 2*d = -3*g + 17, 0 = g + n*d + 11. Suppose -g*k + 9*k = 290. Is k composite?
True
Let u(a) = a**3 - 5*a**2 + 5*a - 6. Let f be u(4). Let x be f/((-2)/(-2)) + 5. Suppose y - x*y = -236. Is y a composite number?
True
Is (0 - -266 - -1) + -4 prime?
True
Let g be (-4)/10 - (-1652)/5. Let d = 727 - g. Is d a composite number?
False
Suppose 0 = -2*z + 513 + 325. Is z a prime number?
True
Let v = 57 - 110. Let n be ((-27)/(-2))/(6/40). Let c = v + n. Is c prime?
True
Suppose 4899 = 14*c - 37*c. Let b = 865 - 1263. Let u = c - b. Is u prime?
False
Is (228735/20)/13 + (-6)/8 prime?
False
Let n = -4 + 11. Let x(c) = -44*c + 3. Let p(s) = s. Let r(i) = -6*p(i) - x(i). Is r(n) composite?
False
Let p = 853 + -222. Is p prime?
True
Let t(k) = -3*k + 2. Let w be t(4). Is (-10)/2*86/w prime?
True
Suppose 2161 = o + 3*o - 3*x, -4*o + 4*x + 2160 = 0. Is o a composite number?
False
Suppose -4*h + 16 = -0. Suppose 498 = h*p - k - k, 15 = 3*k. Is p prime?
True
Let y(q) = -q**3 + 6*q**2 - 5*q - 1. Let j be (2 - (1 + -3))/1. Is y(j) composite?
False
Let s(p) = p**2 + 2*p + 3019. Is s(0) composite?
False
Let l be (-1 + 2)*(9 + -2). Let u(d) = -d**2 + 5*d + 13. Let q be u(7). Let a = q + l. Is a a prime number?
False
Suppose 0*c - c + 2 = 0. Suppose -2*i = -c - 132. Is i a composite number?
False
Let z = -4 + 6. Suppose -8 = -z*y - 2*y. Suppose -42 = -y*h + 68. Is h a prime number?
False
Let t(s) = 2021*s + 3. Is t(2) a composite number?
True
Let k(s) = s**2 + s - 1. Let m(j) = 32*j**2 + 4*j - 5. Let q(d) = 5*k(d) - m(d). Let y be q(-1). Let o = y + 41. Is o a composite number?
False
Is (-3 + 4)*213/3 prime?
True
Let y(s) = -s**3 + 2*s**2 + 7*s - 7. Let p(v) = -v**2 + 13*v - 9. Let t be p(13). Is y(t) prime?
True
Suppose 0 = 3*f + f - 4. Is f/3 - 292/(-6) a prime number?
False
Let h be (-42)/4*(-4)/(-1). Let b be (-2)/4 - h/4. Suppose 0 = -3*r + b + 20. Is r a prime number?
False
Suppose 3*o = o - 4. Let f be o + (-2 - (-6)/2). Let l(a) = -68*a**3 - 2*a**2 - 2*a - 1. Is l(f) composite?
False
Let g(k) = -k**3 - k**2 + k. Let v(j) = 12*j**2 - 9*j - 6. Le